der when m is divided by (2/(-2))/(2/u).
8
Let i = 32 + -29. Suppose 2*y - 176 = -3*o + 124, -5*o + i*y + 519 = 0. What is the remainder when o is divided by 13?
11
What is the remainder when ((-8790)/40)/(9/(-12)) is divided by 59?
57
Suppose -3*a + 6 = -2*a. Let h be ((-2)/(-3))/(4/a). Suppose 4*v - h = 15. Calculate the remainder when v is divided by 2.
0
Let g(n) = 2*n**3 - 3*n**2 + n - 16. Calculate the remainder when 79 is divided by g(3).
9
Suppose 5*j = -5*x - 12 + 2, 2*j + 3*x = -9. Suppose -19 = -2*n + j*r, -4*r = 5*n - 0*r - 82. Calculate the remainder when 26 is divided by n.
12
Let u = 2880 + -2645. What is the remainder when 715 is divided by u?
10
Let l(h) = h + 11. Calculate the remainder when 619 is divided by l(12).
21
Let z(m) = m**3 + 7*m**2 - 2*m + 7. Let f be ((-5)/(-2))/((-1)/2). Let k(o) = o**2 + o - 3. Calculate the remainder when z(f) is divided by k(4).
16
Let m = 41 + -8. What is the remainder when m is divided by (-2 + (-35)/(-10))/((-1)/(-12))?
15
Let b = 62 - 63. What is the remainder when 8 is divided by 4 - (b - 0) - 2?
2
Let w(o) = 10*o**2 - o + 1. Suppose 3100 = 371*j - 61*j. Calculate the remainder when w(1) is divided by j.
0
Let o = 10 + -5. Suppose -o*z + c - 5 = -20, 3*z - c - 7 = 0. Suppose -z*k - 12 = 0, a - 75 = -2*a - k. What is the remainder when 101 is divided by a?
23
Suppose -6 = r - 3*r, 2*s - 3*r - 15 = 0. What is the remainder when (-2)/7 - 492/(-7) is divided by s?
10
Suppose 75 = 3*n + 2*n. Let b(j) = j**2 + 4*j + 15. Let w = 1 + -7. What is the remainder when b(w) is divided by n?
12
Let o = -58 + 113. Let z = o - 33. Suppose -z = 5*g - 82. Calculate the remainder when 22 is divided by g.
10
Let a(d) = -35*d. Let s be a(-12). Suppose 4*h + 6*h = s. Calculate the remainder when 167 is divided by h.
41
Suppose 11*f - 50 = 5. What is the remainder when ((-140)/(-30))/((-2)/(-6)) is divided by f?
4
Suppose -t + 39 = -52. What is the remainder when t is divided by 12?
7
Let v = -1791 + 2154. Calculate the remainder when v is divided by 28.
27
Suppose -5*k + 7*o = 5*o - 55, -11 = -k - 3*o. Let x(l) = 4*l - 17. Let v = -126 - -233. Calculate the remainder when v is divided by x(k).
26
Suppose -12*v - 39 + 2331 = 0. Calculate the remainder when v is divided by 23.
7
Suppose -5*f = s - 42, -2*f + 62 = 5*s - 79. Let g be -5 - 3/(-3) - -2. What is the remainder when (3 + 5)*(-13)/g is divided by s?
25
Suppose -4*a = -22 + 2. Suppose -5*v = -4*b + 24, -4*b - a*v = -24 - 0. What is the remainder when (-28 + 0)*(-5)/(-6)*(-2529)/2810 is divided by b?
3
Let x = -243 + 239. Suppose 6*c = c - b - 18, -2*c + 3*b = -3. Calculate the remainder when 12 is divided by c/((3/x)/1).
0
Let h = 11 + -20. Suppose 0 = 2*b + 8 - 30. What is the remainder when b is divided by (-4)/6 - 69/h?
4
Suppose -v + 582 = 2*h, 4*v = 6*h - 7*h + 284. What is the remainder when h is divided by 33?
28
Suppose -g - 983 = 3*f, 4*f - 3*g + 6*g = -1319. Let a = -231 - f. Calculate the remainder when a is divided by 20.
15
Let u be 1/4*-2*102. What is the remainder when 117 is divided by (4 + -1 + -4)/(3/u)?
15
Suppose -1 = -3*q + 11. Let m(n) = 19*n**2 - 11*n - 8. What is the remainder when m(-1) is divided by q?
2
Let s(u) = -3*u - 21. Let j = -37 + 62. What is the remainder when j is divided by s(-10)?
7
Suppose -4*f + 3*b - 1 = -202, 0 = -4*f - b + 205. Calculate the remainder when f is divided by 6.
3
Let i(a) = 2*a**2 + 14*a - 8. Let s be i(-8). Let u(g) = g**2 - 8*g + 8. Calculate the remainder when 20 is divided by u(s).
4
Let h(i) = 24*i - 63. What is the remainder when 330 is divided by h(3)?
6
Let b = -50 - -64. Suppose -63 = -7*a + b. Suppose 3*k + 2*k = 210. What is the remainder when k is divided by a?
9
What is the remainder when 101 is divided by ((-1 - -1) + -21)*22/(-22)?
17
Suppose 2*o - 4*o = -8. Suppose 2*z = -r + 69, 3*z = r + o*r - 293. Calculate the remainder when r is divided by 32.
29
Let h be (0 - 1)/(10/(-30)). Let z(o) = 2*o**3 - 4*o**2 + 2*o - 2. Suppose 8*r - 335 - 177 = 0. What is the remainder when r is divided by z(h)?
20
Let s(p) = p**2 + 5*p + 20. Calculate the remainder when -3 + 2 - (-600)/6 is divided by s(-5).
19
Suppose -4*r - 76 = 2*q - 2*r, 5*r + 20 = 0. What is the remainder when (-1 + -24)*(-1 + 9/(-15)) is divided by 85/q*(-56)/10?
12
Let w be ((-36)/(-8))/(9/12). Let g(f) = w + 8*f - f**2 - 10 + 20. What is the remainder when 47 is divided by g(8)?
15
Let d = -1 + 6. Calculate the remainder when 1 + 71/10 - (-225)/(-2250) is divided by d.
3
Suppose -4*z = 4, -4*o = -0*o - 4*z - 20. Let g = o + 2. Calculate the remainder when 11 is divided by g.
5
Let n = 1745 + -1737. Calculate the remainder when 308 is divided by n.
4
Let z be 4*(-3)/6 + -46. Let l = 4 - z. What is the remainder when l is divided by 14?
10
Suppose 0 = -3*h + 3*l + 15 + 6, -20 = -2*h + 4*l. Suppose 0 = -8*m + 3*m + h*j + 86, 3*m + j = 38. What is the remainder when 67 is divided by m?
11
Let n be -3 - ((-28)/(-16))/(4/(-16)). Calculate the remainder when ((154/n)/7)/((-1)/(-20)) is divided by 28.
26
What is the remainder when 15/60 + 446/8 + 2 is divided by 9?
4
Let v(c) = 2*c**3 + 5*c**2 - 13*c - 1. Let u(n) = -n**2 + n + 9. Let y(b) = -1. Let x(f) = -u(f) - 4*y(f). What is the remainder when x(5) is divided by v(2)?
6
Let f = 156 - 109. Let x(k) = k - 19. Let j be x(6). Let u = j + f. What is the remainder when u is divided by 6?
4
Let k(w) = w**2 - w + 1. Let s(b) = -7*b**2 + 3*b - 4. Let r(g) = 2*k(g) + s(g). Let c be r(-2). Calculate the remainder when 12/10*(-540)/c is divided by 7.
6
Suppose -p + 83 = -2. Suppose -p = -2*f + 9. What is the remainder when 93 is divided by f?
46
Let i = 28 + -21. Let a = 66 - 60. What is the remainder when i is divided by a?
1
Suppose 209*j + 1515 = 224*j. Calculate the remainder when j is divided by 33.
2
Let r = -195 + 284. What is the remainder when r is divided by 13?
11
Let d = -28 + 92. Let f = d - 56. Calculate the remainder when 19 is divided by f.
3
Calculate the remainder when 15 is divided by 110/50 + 8/10.
0
Let g(h) = -22*h + 1. Let n = -1 + -1. Calculate the remainder when g(n) is divided by 16.
13
Suppose -2*d = 3*d - 185. Let h = 35 + -59. Let a = h + d. What is the remainder when 24 is divided by a?
11
Suppose 0 = 8*w - 0*w - 136. Calculate the remainder when 131 is divided by w.
12
Let c(k) = k**3 + 11*k**2 - 6*k - 35. What is the remainder when c(-10) is divided by 18?
17
Suppose n - 9 = -4*d, d + 4*n + 21 = 4*d. Suppose -2*h + 7 = -3*j + 1, 0 = 3*j - 3*h + d. Calculate the remainder when ((-8)/6)/(j/402) is divided by 34.
32
Let r = -258 - -341. Calculate the remainder when r is divided by 1/(-5) - 213/(-15).
13
Let g(d) = 2*d**2 + 2*d + 37. Let h(i) = -3 + 11 - 7 + i**2. Let o(a) = g(a) - 4*h(a). What is the remainder when o(0) is divided by 13?
7
Suppose -779*p = -770*p - 387. What is the remainder when 127 is divided by p?
41
Let p(f) = f**3 + 8*f**2 - 9*f + 10. Let v be p(-9). Suppose -v*d - 11*d + 609 = 0. Calculate the remainder when 41 is divided by d.
12
Let j(g) = -g**3 - 3*g**2 + 3*g + 3. Let q = -64 - -31. Let i = 43 + q. What is the remainder when j(-5) is divided by i?
8
Suppose 2*x - 72 - 67 = -n, -2*n + 2 = 0. Suppose k - x = -57. Calculate the remainder when 21 is divided by k.
9
Let c(j) = 2*j**2 - 5*j - 9. Let s = 24 - 22. Let q be 1/(s*4/40). What is the remainder when c(q) is divided by 10?
6
Let r(q) be the third derivative of -q**5/60 + q**4/3 + 2*q**3 - 13*q**2. Calculate the remainder when (-14)/35 - (-154)/10 is divided by r(9).
0
Suppose -10*m = -15*m + 50. Let r(x) = -x**2 + 12*x + 10. What is the remainder when r(m) is divided by 8?
6
Let w = 49 + -27. Suppose r = 59 - w. Suppose -7 = 3*q - r. Calculate the remainder when 19 is divided by q.
9
Suppose 65*t = 71*t - 522. What is the remainder when t is divided by 30?
27
Let c(x) = x**3 - x**2 - 5*x + 5. Let g be c(2). Suppose -23 - 7 = -2*h. What is the remainder when 57 + g*(-2 + 3)*-1 is divided by h?
13
Suppose -759 = -5*x - s + 3*s, 621 = 4*x + 3*s. What is the remainder when x is divided by 40?
33
Suppose 1143 = 2*f + 1077. What is the remainder when f is divided by 19?
14
Let y(r) = 2*r**2 - r. Let f be y(2). Suppose 4*x = -0*x - 12. Calculate the remainder when 9 is divided by (10